Let o(x) be the third derivative of -x**5/60 - x**4/3 + 8*x**3/3 + 276*x**2. Calculate o(-10).
-4
Let b(y) = -14*y**2 + 25*y + 363. Let d(r) = -17*r**2 + 22*r + 365. Let l(g) = 6*b(g) - 5*d(g). Give l(-13).
2
Suppose 9*i - 4*i = 0, -4*i - 12 = 4*f. Let x be (-23)/f + (2/1)/6. Let g be 5/(-2)*x/(-4). Let c(t) = t - 9. Calculate c(g).
-4
Let j(l) = l**2 - 111 + 3*l + 112 - 4*l. Let c(k) = -k**3 - 3*k**2 + 3*k. Let y(g) = -c(g) - 2*j(g). Give y(0).
-2
Let l(y) = -3*y**2 - 17. Let w(p) = -p**2 - 6. Let i be (2 + 0)*(-9 - 90/(-12)). Let o(k) = i*l(k) + 8*w(k). Determine o(4).
19
Let h(v) = -v**2 + 3*v + 4. Suppose -5*d - 5*n = -140, -n = d + 2*d - 92. Suppose 0 = -b - 7 + 35. Let c = d - b. Determine h(c).
0
Let m(f) = 2*f**2 - 2*f + 5. Let c = 2488 - 2482. Determine m(c).
65
Let x be (-3 - -5) + -1 + 13. Let d = x - 14. Suppose 19*j - 21*j - 14 = d. Let c(l) = -l**2 - 7*l + 6. What is c(j)?
6
Let q(b) = 30*b - 447. Let x be q(15). Let t(s) = 0*s**2 + s - s**2 + 15 + 844*s**x - 845*s**3. Determine t(0).
15
Let w(v) be the third derivative of 0 + 0*v - 107*v**2 - 1/24*v**4 - 1/6*v**3. Suppose -j + 8 = -2*t + 2*j, -3*t - 4*j = -22. Give w(t).
-3
Let y = -11905 - -11896. Let r(k) = 5*k**2 + 46*k + 2. Determine r(y).
-7
Let p(r) = -r**2 - 3*r + 1. Let q(h) = h**3 + 41*h**2 - 39*h + 123. Let k be q(-42). Let g be k/6 - -3*(-25)/30. Calculate p(g).
1
Suppose 8*c = 10*c, 3*c + 245 = -5*d. Let z = d - -54. Let g(t) = -t + 10. Give g(z).
5
Let f(d) be the third derivative of d**6/120 - d**5/30 - d**4/4 + 2*d**3 - 13317*d**2. Determine f(2).
0
Let z(y) = -39*y + 83. Let i(u) = 71*u - 155. Let v(x) = 6*i(x) + 11*z(x). What is v(5)?
-32
Let d(q) be the first derivative of 3*q**2/2 + 20*q + 631. Determine d(-12).
-16
Let i(a) be the first derivative of -6*a**2 + 17*a - 2070. Calculate i(7).
-67
Let d(u) be the second derivative of -1/6*u**3 + 95*u - 11/2*u**2 + 0. Give d(-10).
-1
Let m = -4 + 2. Let a(r) = 44218 + 53*r - 110*r + 54*r - 44219. What is a(m)?
5
Let i(r) = -r**3 - 15*r**2 + 16*r + 15. Let x be 58/145 - (-246)/(-15). Calculate i(x).
15
Let f(c) = 20 - 11 - 12 - 5 - 3*c. Let b be f(-4). Suppose -b*x + 30 = -2*q - q, -5*q + 20 = 5*x. Let m(i) = -i**2 + 7*i - 2. What is m(x)?
4
Let i(b) be the first derivative of -b**4/2 + 7*b**3/3 - 7*b**2/2 + 13*b - 52. Let n(m) = m**3 - 4*m**2 + 4*m - 7. Let z(o) = 4*i(o) + 7*n(o). Determine z(0).
3
Let z be 4/(-14)*2*49/(-14). Let w(y) = 10 - 20*y**2 - 2*y - 3 + 5*y + 19*y**z. Suppose t = -2*t + 15. Calculate w(t).
-3
Let q(b) = 13 - 6*b - 8 - 12 + 10*b - 13. Calculate q(6).
4
Let h(f) be the first derivative of f**6/360 + f**5/60 - f**4/24 + 2*f**3/3 + 28*f**2 + 22. Let p(g) be the third derivative of h(g). What is p(1)?
2
Suppose 2*v = 3*c + 22, v + 7*c = 3*c - 11. Suppose -6 = 2*z, 3*z - 90 = 4*u + v*z. Let j be (-3)/(-7) - 54/u. Let f(w) = 7*w - 1. Give f(j).
20
Suppose 4*g = -9 + 1. Let v = 3 + g. Let s(m) be the third derivative of -m**6/8 + m**5/60 - m**4/12 + m**3/6 + 23*m**2 - 5*m. Determine s(v).
-15
Let z(w) = 2*w**3 - 28*w**2 + 14*w + 38. Let g(p) = 5*p**3 - 57*p**2 + 32*p + 73. Let o(t) = 3*g(t) - 7*z(t). Determine o(-25).
3
Let n = -5608 + 5611. Let s(l) = -2*l**3 - l**2 - 7*l + 4. Give s(n).
-80
Suppose -4*k = -h, -5*k = -2*h + 5 - 2. Let z(t) = -t**3 + 13*t**2 + 13*t + 16. Let p be z(14). Let l(g) = -7*g - p*g + 8*g. Give l(k).
-1
Suppose -f - 1 = t - 2*t, 0 = -4*f - 8. Let h(p) be the second derivative of 1/2*p**2 - 23/12*p**4 + 0 + 1/6*p**3 - 165*p. Determine h(t).
-23
Let g(i) = 8 + i**2 - 68*i + 44*i + 19. Let s be g(23). Let p(u) = 3*u - 7*u + 3*u - 3. Give p(s).
-7
Let f(a) = a**3 - 20*a**2 + 76*a - 21. Suppose 27*w = -752 + 1157. Give f(w).
-6
Let t(d) = 10*d - 11. Suppose -58*u = x - 55*u + 15, -5*u - 25 = 2*x. Determine t(x).
-11
Let a(z) = z**3 + 3*z**2 + z + 1. Let r = -14 - -17. Suppose r*i - 17 = -5. Suppose -3*s - 7 = i*m - 3*m, 2*s + m + 5 = 0. What is a(s)?
3
Suppose 3*x - 4*m - 153 = -169, -5*m - 10 = 0. Let l(c) = c**3 + 8*c**2 - 4*c - 7. What is l(x)?
25
Let i(g) = 2*g + 11. Let k(x) = -4*x - 13. Let b(n) = -3*i(n) - 2*k(n). Let f be -1*3 - (9 - 14 - 0). Give b(f).
-3
Let d = -488 - -855. Let m = d - 364. Let o(j) = j**2 - j + 1. Give o(m).
7
Let g(k) be the first derivative of 6*k + 0*k - 15*k - 2*k**2 - 133 + 8*k. What is g(-3)?
11
Let h(f) = -6. Let x(q) = -23*q + 24*q + 8 + 5 - 8. Let z(b) = -4*h(b) - 3*x(b). Calculate z(6).
-9
Let m(w) = 7*w**2 + 9*w + 6 - 40*w**2 + 2*w**3 + 12*w**2. Let k be m(10). Let s(x) be the third derivative of -x**4/24 - x**3/2 + 3*x**2 + 1. Give s(k).
1
Let t(j) = -j**3 - j**2 + 4*j + 7. Suppose 4*a - 7 = -m, 0 = -5*m + 4*a - 7*a + 18. Suppose 12 = p - 5*y, m*y + 8 + 1 = 0. Determine t(p).
13
Let r(a) = 42*a**3 - a - a**2 + 3*a + 42*a**3 - 3 - 83*a**3. Let x(y) = -y**3 + 12*y**2 - 13*y - 67. Let n be x(10). Give r(n).
21
Suppose -3*o = 5*t - 27, -2*o + o - 2*t = -10. Let j(z) = -9*z + 3. Let q(w) = 3*w - 1. Let s(i) = o*j(i) + 11*q(i). What is s(-5)?
16
Let t(y) be the third derivative of -y**5/60 + 13*y**4/24 + 11*y**3/6 - 2624*y**2. Give t(18).
-79
Let f(t) = -t. Let g(p) = -4*p + 15. Let h(a) = -3*f(a) + g(a). Suppose 4 = -4*q, 32*q = 5*j + 37*q - 45. Calculate h(j).
5
Let v(a) be the first derivative of -a**4/4 - 4*a**3/3 + 7*a**2 + 7*a - 1471. What is v(-6)?
-5
Let o(k) = k**2 + 40*k + 160. Suppose 197*v = 191*v - 5*h - 236, -4*v - 136 = -2*h. Calculate o(v).
16
Let h = 4 - 3. Suppose 71*v = 85*v - 504. Let p(l) = 23 + 12 + l - l**2 - v + 5*l**3. What is p(h)?
4
Let b(l) be the third derivative of 1/6*l**3 + 24*l**2 + 2*l + 1/10*l**5 - 1/24*l**4 + 0. Calculate b(1).
6
Suppose 12*r - 10*r - 6 = 0. Suppose 4*v = -r*z - z + 20, -v + 2*z = 10. Suppose -l - 6 + 12 = v. Let d(g) = -g**3 + 5*g**2 + 6*g + 6. Determine d(l).
6
Let k = 10236 + -10226. Let y(a) = 4*a**2 - 36*a - 36. Calculate y(k).
4
Let r = -46 - -91. Let s be 43 + (28/20)/((-21)/(-105)). Let b = r - s. Let q(y) = -y - 2. Determine q(b).
3
Let m(l) be the third derivative of -l**4/3 - 13*l**3/2 + 1965*l**2. Give m(-7).
17
Let b(a) be the third derivative of 0 - 1/120*a**6 + 3*a + 2*a**2 - 11/24*a**4 + 1/6*a**3 + 7/60*a**5. Calculate b(5).
-4
Suppose -2 = -947*s + 946*s. Let x(z) = -2*z - 13 - 2*z + 4 + 8 - s*z. Give x(-2).
11
Let h be 4*2/4 - 2. Let q(p) be the first derivative of -p**2/2 + 4*p + 5491. Determine q(h).
4
Let m(o) = -o**2 + 7*o + 8. Let r = 207 - 214. Let f be 0 - 1*(-3 + 3 + r). Determine m(f).
8
Let r(t) = -8 + 3 + 3578*t + 1 - 3559*t - 4*t**2. Give r(3).
17
Let p = -743 - -748. Suppose 3*w = -x + 27 - 14, 2*w + p*x = 0. Let a(g) = -g**2 + 4*g. What is a(w)?
-5
Let i(a) = 37*a + 251. Let r(o) = 18*o + 129. Let u(z) = -2*i(z) + 5*r(z). What is u(-9)?
-1
Let t(i) = 3*i**3 - i. Let k(w) = -16*w**3 - 12*w**2 + 4*w + 11. Let s(v) = -k(v) - 5*t(v). Give s(-12).
-23
Let z(v) = 7*v - 48. Let s(w) = 296*w + 2975. Let n be s(-10). What is z(n)?
57
Let v(u) = -u + 3. Let p(h) = 3*h - 8. Let c(m) = -4*p(m) - 11*v(m). Suppose -22*x + 32 = 10. Give c(x).
-2
Let q(g) be the second derivative of 0 + 5/2*g**2 - 1/6*g**3 - 1/12*g**4 + g. Suppose -8 = 3*x + 4*c, 2*x + 5*c + 75 - 72 = 0. Determine q(x).
-7
Let j = 96 + -85. Let s be (j - -1)/(102/(-153)). Let m(i) = i**2 + 19*i + 26. Calculate m(s).
8
Let w(r) = -r + 3. Let y be 6 + ((-2)/6 - (-52)/12). Let o be y/(8 + -28)*(0 + 4). Calculate w(o).
5
Suppose c + 5*l = 17, -l = -4 + 2. Let g(h) be the third derivative of 3/2*h**3 - 3/8*h**4 + 5*h**2 + 1/60*h**5 + 0 + 0*h. Calculate g(c).
-5
Let w(u) = -u**2 - 25*u + 85. Let p be w(-28). Let z(i) = -p - i - 4 + 8 - i**2. Give z(-4).
-9
Let a(y) = -47*y + 2. Let n(s) = -241*s + 13. Let x(m) = 15*a(m) - 3*n(m). Calculate x(-7).
-135
Let a(p) = p**3 + 66*p**2 + 127*p - 57. Let f be a(-64). Let r(w) = -2*w - 6. Determine r(f).
-20
Suppose 3*i = i. Let f(q) = -6*q - 2*q + 41 - 2*q + 5*q + 8*q + q**2 + q**3 - 2*q. Give f(i).
41
Let q = 22 + -23. Let c(u) = 29129*u**2 + 10*u**3 + 29125*u**2 - 58253*u**2. Calculate c(q).
-9
Let i = 81 + -76. Let p(h) = 2*h. Let z be p(3). Suppose -r + i*x + 9 = 0, 0 = -z*x + 2*x - 8. Let j(f) = 11*f**2 - 1. Give j(r).
10
Let z(r) be the second derivative of r**5/20 - 5*r**4/6 + 8*r**3/3 - 55*r**2/2 - 32*r - 28. Determine z(9).
8
Let n be (-2)/(-2 - -6)*-4. Let x(